at is n(55)?
15
Let z(d) = 18603*d - 1692875. Calculate z(91).
-2
Let z(a) = 2*a**2 - 27173*a + 2295241. Calculate z(85).
-14
Let w(u) = -38*u**2 - 143*u + 168. Determine w(-7).
-693
Let q(m) = -50*m**2 + 331*m - 177. Determine q(6).
9
Let r(z) = -44*z + 6068. What is r(137)?
40
Let t(a) = -140*a + 5049. Give t(36).
9
Let j(k) = 2018*k**2 - 98881*k - 41. Calculate j(49).
8
Let u(q) = -2*q**3 - 101*q**2 + 386*q + 655. What is u(-54)?
223
Let i(s) = 3*s**2 - 2503*s - 9978. Give i(-4).
82
Let x(m) = -m**3 + 214*m**2 - 5299*m + 21268. What is x(5)?
-2
Let s(k) = k**2 - 1731*k - 107318. Give s(-60).
142
Let v(h) = -4930*h - 14809. Calculate v(-3).
-19
Let a(s) = 21*s**2 - 582*s + 931. Determine a(26).
-5
Let v(u) = -u**3 - 95*u**2 - 327*u - 4696. What is v(-92)?
-4
Let y(k) = k**2 - 396*k - 2416. Give y(-6).
-4
Let i(w) = -w**3 + 189*w**2 - 3836*w + 2492. Determine i(166).
-496
Let r(j) = -2*j**3 - 88*j**2 - 395*j - 56. Give r(-5).
-31
Let d(l) = -l**3 - 193*l**2 + 1231*l - 174. Determine d(6).
48
Let p(d) = d**3 - 31*d**2 - 857*d - 1367. What is p(49)?
-142
Let y(b) = -307*b + 122. Give y(0).
122
Let h(d) = -2*d**3 - 26*d**2 + 21*d - 895. Calculate h(-15).
-310
Let w(y) = -y**3 + 108*y**2 + 88*y + 66. Give w(109).
-2223
Let b(c) = 6329*c + 32105. Calculate b(-5).
460
Let a(r) = -103*r**2 - 8359*r + 16715. Give a(2).
-415
Let d(l) = -39*l**2 - 18722*l - 19643. What is d(-479)?
-4
Let g(p) = -2181*p - 52423. Determine g(-24).
-79
Let t(w) = -2*w**3 + 526*w**2 + 534*w - 1581. Determine t(264).
3
Let g(o) = o**3 - 2*o**2 - 81*o - 60. Give g(13).
746
Let o(w) = w**2 - 351*w - 28583. Calculate o(-68).
-91
Let a(x) = 284048*x - 27. What is a(0)?
-27
Let c(n) = -2*n**3 + 25*n**2 - 41*n - 94. Give c(15).
-1834
Let u(s) = -33*s**2 - 409*s + 2566. What is u(-17)?
-18
Let x(f) = f**3 - 125*f**2 - 8979*f + 77. Give x(176).
-451
Let x(v) = -149*v - 1126. Determine x(-8).
66
Let n(z) = -2884*z + 20251. What is n(7)?
63
Let c(v) = -v**2 + 1647263*v + 11530900. Calculate c(-7).
10
Let k(l) = -l**3 + 131*l**2 + 25*l - 36464. Give k(129).
43
Let r(a) = -a**2 - 800626*a + 6. What is r(0)?
6
Let w(p) = 98039*p + 490248. What is w(-5)?
53
Let j(d) = 1055*d + 370297. Determine j(-351).
-8
Let f(u) = -707*u - 2611. What is f(-3)?
-490
Let v(n) = -2*n**3 - 121*n - 4952. Calculate v(-12).
-44
Let q(j) = j**2 - 44*j + 239. What is q(36)?
-49
Let g(l) = 4378*l + 709337. What is g(-162)?
101
Let o(z) = 32*z**2 + 56*z + 690. Determine o(-8).
2290
Let f(j) = 2703*j + 8198. Give f(-3).
89
Let j(s) = -3197*s - 21111. Give j(-7).
1268
Let t(f) = -3*f**3 - 145*f**2 + 290*f + 1858. Determine t(-50).
-142
Let v(b) = 300781*b - 3308621. Determine v(11).
-30
Let i(m) = -5*m**2 - 557*m - 14958. What is i(-76)?
-1506
Let j(s) = -19*s**2 + 302*s - 1023. Determine j(5).
12
Let b(d) = 23*d**3 + 4967*d**2 - 218*d - 631. What is b(-216)?
-199
Let z(s) = 2*s**2 + 121*s - 5707. Give z(-91).
-156
Let g(t) = 72*t + 1108. Calculate g(-18).
-188
Let n(v) = -18362*v - 174. Give n(0).
-174
Let m(f) = -f**3 + 5*f**2 + 261*f + 94. What is m(-13)?
-257
Let p(i) = -100401*i - 301899. What is p(-3)?
-696
Let x(d) = -505*d - 151128. Determine x(-299).
-133
Let i(a) = -2*a**2 + 180797*a - 1627001. Calculate i(9).
10
Let w(a) = 27*a**2 + 242*a - 1890. Determine w(-14).
14
Let p(i) = 143*i - 1357. Determine p(0).
-1357
Let c(a) = -37*a**3 - 1625*a**2 + 143*a + 114. Determine c(-44).
-370
Let f(y) = -3844*y + 3792. Calculate f(0).
3792
Let d(z) = 5*z**2 - 975*z + 46614. Determine d(111).
-6
Let s(r) = 7*r**2 + 1175*r + 3287. Give s(-165).
-13
Let u(w) = -2*w**3 - 6519*w**2 - 921003*w + 153. Calculate u(-148).
5
Let l(p) = 127*p**2 + 18794*p - 332. What is l(-148)?
-36
Let l(b) = 6*b**3 - b**2 + 110*b + 325. What is l(-3)?
-176
Let d(w) = -w**3 + 253*w**2 + 754*w + 3615. Give d(256).
31
Let q(i) = -i**2 - 14703*i - 13193264. What is q(-960)?
16
Let c(q) = 4336*q - 52000. Give c(12).
32
Let a(j) = -j**3 + 35*j**2 - 303*j + 9403. Determine a(34).
257
Let m(l) = 3*l**3 + 268*l**2 + 341*l - 353. Give m(-88).
615
Let g(a) = a**3 - 290*a - 30. Calculate g(-17).
-13
Let j(l) = 102693*l - 410794. Give j(4).
-22
Let w(i) = -i**3 - 13*i**2 + 841*i - 6349. Calculate w(15).
-34
Let w(d) = 18*d**3 + 9*d**2 - 5*d - 23. Give w(2).
147
Let m(l) = -l**2 + 4*l - 714. What is m(26)?
-1286
Let k(t) = -1192*t**2 + 51304*t + 46. Calculate k(43).
2110
Let k(h) = -45855*h + 7566068. Give k(165).
-7
Let y(o) = 9*o**2 + 26*o + 1619. Give y(0).
1619
Let y(w) = 415*w - 81875. Determine y(197).
-120
Let n(c) = 6027*c + 494211. Determine n(-82).
-3
Let y(v) = v**2 + 5045*v - 121652. Give y(24).
4
Let r(w) = 8*w**3 - 27*w**2 + 71*w + 168. Determine r(4).
532
Let d(s) = -351*s - 7577. Determine d(-31).
3304
Let a(f) = f**2 + 269*f + 5066. Determine a(-20).
86
Let q(b) = 4*b**2 + 4*b + 30. Calculate q(-14).
758
Let t(w) = -20*w**3 + 258*w**2 - 192*w. Give t(12).
288
Let j(o) = -50*o + 1347. Calculate j(16).
547
Let p(w) = -27*w**2 - 1313*w + 40. Determine p(-48).
856
Let v(q) = 2*q**3 - 49*q**2 - 11*q + 1106. Determine v(24).
266
Let k(i) = i**2 - 88*i + 1370. Calculate k(71).
163
Let d(t) = -t**3 + 47*t**2 - 31*t - 659. What is d(46)?
31
Let c(l) = -4964*l + 203521. What is c(41)?
-3
Let a(y) = -1979*y + 29700. Calculate a(15).
15
Let s(w) = 227402*w + 1591764. Calculate s(-7).
-50
Let r(x) = -8*x**2 + 600*x + 5306. Determine r(-8).
-6
Let p(w) = 206*w**2 - 1169*w - 403. Determine p(6).
-1
Let f(m) = 194*m**2 - 2148*m + 75. Determine f(11).
-79
Let c(l) = 60046*l + 360240. Give c(-6).
-36
Let f(r) = -46*r**3 + 254*r**2 + 484*r - 55. Determine f(7).
1
Let i(p) = p**3 + 115*p**2 - 321*p - 10146. Calculate i(-117).
33
Let w(z) = -2536*z - 266253. Determine w(-105).
27
Let w(g) = 28830*g + 57821. Give w(-2).
161
Let s(k) = -2*k**3 + 60*k**2 - 239*k + 14. Give s(28).
-3542
Let h(g) = 94*g + 21258. Give h(-224).
202
Let d(m) = 126*m + 34857. Give d(-273).
459
Let n(r) = r**3 - 15*r**2 - 524*r + 8343. Determine n(17).
13
Let v(u) = -543*u + 899. What is v(3)?
-730
Let w(s) = s**3 - 37*s**2 + 177*s - 3993. Determine w(35).
-248
Let o(r) = -2919*r + 8011. Calculate o(2).
2173
Let n(w) = -10*w**2 - 145*w - 237. Calculate n(-12).
63
Let a(w) = 403*w - 7043. Calculate a(17).
-192
Let z(q) = q**2 - 308939*q + 3398250. Give z(11).
42
Let d(t) = 50*t**2 - 47982*t + 30681. Calculate d(959).
-7
Let o(q) = 4039*q - 4073. Calculate o(1).
-34
Let u(c) = -66977*c + 28733135. Determine u(429).
2
Let u(l) = -l**3 - 14*l**2 - 729*l - 7681. Determine u(-11).
-25
Let p(v) = 3292*v - 1280548. Determine p(389).
40
Let s(i) = 7441*i + 52837. What is s(-7)?
750
Let q(j) = -295*j + 23032. Give q(68).
2972
Let j(q) = -3*q**3 + 17*q**2 - 636*q + 4654. Determine j(7).
6
Let x(k) = k**3 - 47*k**2 + 158*k - 323. Give x(43).
-925
Let c(r) = -11*r**3 + 140*r**2 + 199*r - 42. What is c(14)?
0
Let v(m) = m**3 - 26*m**2 + 1542*m - 42430. Give v(27).
-67
Let u(f) = 4735*f - 66138. Give u(14).
152
Let t(u) = -2*u**3 - 102*u**2 + 1046*u - 1968. Calculate t(-60).
72
Let r(d) = 2*d**3 - 247*d**2 - 628*d - 247. Determine r(126).
5
Let f(w) = -22091*w + 22084. Calculate f(1).
-7
Let v(t) = -t**3 - 94*t**2 - 367*t - 706. Give v(-90).
-76
Let s(r) = 4148*r**3 + 20739*r**2 - 10*r - 30. Determine s(-5).
-5
Let j(m) = 19*m**2 + 13676*m + 67909. What is j(-5)?
4
Let k(f) = -12*f**2 + 33135*f + 33136. What is k(-1)?
-11
Let f(c) = 691061*c + 6219530. Determine f(-9).
-19
Let q(s) = -1178*s + 159202. Determine q(135).
172
Let l(h) = 3*h**3 + 22*h**2 + 746*h + 5178. What is l(-7)?
5
Let k(u) = 812*u**2 - 38159*u - 32. Give k(47).
203
Let s(q) = -142*q - 616. Calculate s(-9).
662
Let l(x) = 2*x**3 - 45*x**2 + 71*x + 1247. Determine l(19).
69
Let t(p) = -109*p**2 - 62*p - 233. Calculate t(-4).
-1729
Let l(a) = -1737*a + 2237. Give l(2).
-1237
Let r(t) = -20*t**2 + 629*t - 122. Calculate r(31).
157
Let k(i) = -49*i**2 + 5869*i - 4506. Calculate k(119).
16
Let n(s) = s**3 + 35*s**2 - 9066*s - 309248. Determine n(-34).
152
Let i(h) = 18718*h + 187132. Give i(-10).
-48
Let w(g) = -32*g**3 - 834*g**2 - 640*g - 15265. Give w(-26).
23
Let j(n) = -1135*n + 21544. What is j(19)?
-21
Let f(t) = -5*t**2 + 3918*t + 130494. Give f(-32).
-2
Let z(g) = 704*g + 17035. What is z(-24)?
139
Let z(m) = -2*m**2 - 17